?
True
Is 358 a prime number?
False
Is 23093 a composite number?
True
Is 627421 a composite number?
True
Is 182333 composite?
False
Is 18481 a prime number?
True
Is 18397 prime?
True
Is 1249999 a composite number?
False
Is 107257 prime?
False
Is 344039 a prime number?
True
Is 410279 composite?
False
Is 23 a prime number?
True
Is 5533 a composite number?
True
Is 49003 a composite number?
False
Is 41779 a prime number?
False
Is 534883 composite?
False
Is 98669 prime?
True
Is 2437 a prime number?
True
Is 68207 prime?
True
Is 48593 composite?
False
Is 2449 composite?
True
Is 967 a prime number?
True
Is 18407 a prime number?
False
Is 13087 composite?
True
Is 5039 composite?
False
Is 1293 composite?
True
Is 213107 composite?
True
Is 14587 prime?
False
Is 484105 a prime number?
False
Is 9793 a prime number?
False
Is 18499 a prime number?
False
Is 13443 prime?
False
Is 18461 composite?
False
Is 27647 prime?
True
Is 35591 a composite number?
False
Is 31847 prime?
True
Is 11073 prime?
False
Is 41047 prime?
True
Is 18455 prime?
False
Is 26131 a prime number?
False
Is 49597 a prime number?
True
Is 12598 a prime number?
False
Is 389 composite?
False
Is 82601 a prime number?
True
Is 296437 prime?
True
Is 35387 prime?
False
Is 154883 a prime number?
True
Is 5227 prime?
True
Is 77917 composite?
True
Is 99923 a composite number?
False
Is 226991 composite?
False
Is 8803 composite?
False
Is 6738131 composite?
False
Is 320921 a composite number?
True
Is 13963 a composite number?
False
Is 454 prime?
False
Is 7427 prime?
False
Is 14369 prime?
True
Is 173938 a composite number?
True
Is 15073 composite?
False
Is 17807 a composite number?
False
Is 7555 a composite number?
True
Is 47213 a prime number?
False
Is 37833 a composite number?
True
Is 7507 prime?
True
Is 157997 a composite number?
True
Is 745133 a composite number?
False
Is 227413 a prime number?
False
Is 31817 prime?
True
Is 840263 a composite number?
True
Is 554627 composite?
False
Is 1249939 a composite number?
False
Is 199505 a composite number?
True
Is 124445 a prime number?
False
Is 218579 composite?
False
Is 2357279 a composite number?
False
Is 16087 prime?
True
Is 3331379 composite?
True
Is 8501 a prime number?
True
Is 86131 composite?
False
Is 18269 a prime number?
True
Is 60097 a prime number?
False
Is 50515 composite?
True
Is 92271 composite?
True
Is 226241 a prime number?
True
Is 803123 a composite number?
True
Is 1693 a prime number?
True
Is 128657 prime?
True
Is 486773 a composite number?
True
Is 871867 a prime number?
True
Is 7273 a composite number?
True
Is 691 a composite number?
False
Is 10441 a prime number?
False
Is 16255 composite?
True
Is 185897 prime?
True
Is 77381 a composite number?
True
Is 93683 composite?
False
Is 4873 a prime number?
False
Is 717007 prime?
False
Is 83113 prime?
False
Is 6449 a composite number?
False
Is 65239 a composite number?
False
Is 513101 a prime number?
True
Is 3709 composite?
False
Is 1391282 composite?
True
Is 1514 prime?
False
Is 1637 a composite number?
False
Is 9757 composite?
True
Is 668689 a composite number?
True
Is 4547 composite?
False
Is 19219 a composite number?
False
Is 144539 a prime number?
True
Is 5141 a composite number?
True
Is 112741 a prime number?
True
Is 159961 a composite number?
True
Is 8551 composite?
True
Is 863 a prime number?
True
Is 37579 a composite number?
False
Is 177 a prime number?
False
Is 129683 a composite number?
True
Is 740737 prime?
True
Is 1920959 a composite number?
False
Is 779473 a composite number?
True
Is 50221 composite?
False
Is 1038293 prime?
False
Is 10897 a composite number?
True
Is 309499 composite?
True
Is 452131 a composite number?
False
Is 11582 a prime number?
False
Is 265231 composite?
False
Is 111167 prime?
False
Is 859219 prime?
False
Is 415 prime?
False
Is 43405 composite?
True
Is 17783 composite?
False
Is 673 a prime number?
True
Is 1461913 a composite number?
False
Is 146209 a prime number?
False
Is 343303 a prime number?
True
Is 995 prime?
False
Is 9413 prime?
True
Is 214807 a composite number?
False
Is 1709 composite?
False
Is 591649 a composite number?
False
Is 111937 a prime number?
False
Is 179 composite?
False
Is 4729 a prime number?
True
Is 20477 a composite number?
False
Is 927341 prime?
False
Is 236254 a prime number?
False
Is 5431 composite?
False
Is 1268947 prime?
True
Is 6469 a composite number?
False
Is 8327 a composite number?
True
Is 18053 composite?
True
Is 51346 composite?
True
Is 154519 a composite number?
True
Is 681311 prime?
True
Is 15389 composite?
True
Is 5381 composite?
False
Is 10637 composite?
True
Is 1123 a composite number?
False
Is 14903 prime?
False
Is 1259 composite?
False
Is 614527 composite?
False
Is 1115 composite?
True
Is 903677 a composite number?
False
Is 9987 composite?
True
Is 34837 composite?
True
Is 263927 a prime number?
True
Is 1684907 prime?
False
Is 203039 a composite number?
False
Is 5539 a prime number?
False
Is 39554 prime?
False
Is 226937 a prime number?
True
Is 280583 a composite number?
False
Is 75269 prime?
True
Is 10723 a composite number?
False
Is 15243 a composite number?
True
Is 5534107 prime?
True
Is 55381 prime?
True
Is 90659 prime?
True
Is 83957 prime?
False
Is 1008241 prime?
False
Is 699207 prime?
False
Is 35141 composite?
False
Is 57241 prime?
True
Is 2879 a composite number?
False
Is 37159 prime?
True
Is 93851 a prime number?
True
Is 87266 a prime number?
False
Is 9347 prime?
False
Is 1969 a prime number?
False
Is 41303 prime?
False
Is 315581 composite?
True
Is 25613 a prime number?
False
Is 119593 composite?
True
Is 308283 prime?
False
Is 10762 a composite number?
True
Is 6029 a prime number?
True
Is 11821 a prime number?
True
Is 39661 a composite number?
True
Is 134 a prime number?
False
Is 20789 a composite number?
False
Is 7477 a prime number?
True
Is 50357 a composite number?
True
Is 52747 a composite number?
False
Is 2053322 prime?
False
Is 1837021 prime?
False
Is 1823 a composite number?
False
Is 20269 composite?
False
Is 20021 prime?
True
Is 1236133 a composite number?
True
Is 277577 composite?
False
Is 7817 a composite number?
False
Is 522371 composite?
False
Is 18529 prime?
False
Is 12785 prime?
False
Is 429083 prime?
True
Is 12829 a composite number?
False
Is 9199 a prime number?
True
Is 148853 composite?
False
Is 3455 composite?
True
Is 1283 a prime number?
True
Is 246187 composite?
False
Is 30467 composite?
False
Is 41399 prime?
True
Is 6599 a composite number?
False
Is 202549 a composite number?
False
Is 400973 a composite number?
True
Is 27611 composite?
False
Is 48707 composite?
True
Is 889507 composite?
True
Is 224771 composite?
False
Is 8285 a composite number?
True
Is 947911 a composite number?
False
Is 11549 a composite number?
False
Is 28199 a composite number?
True
Is 304327 prime?
False
Is 38383 composite?
True
Is 4283 a prime number?
True
Is 212387 a composite number?
True
Is 2504837 a composite number?
False
Is 46861 composite?
False
Is 622849 a composite number?
False
Is 45707 prime?
True
Is 89839 a prime number?
True
Is 35887 a prime number?
False
Is 331 a composite number?
False
Is 11149 prime?
True
Is 8223 composite?
True
Is 83254 a composite number?
True
Is 32167 a composite number?
True
Is 5997 composite?
True
Is 2921 a composite number?
True
Is 304687 prime?
True
Is 133687 composite?
True
Is 35813 composite?
True
Is 181385 a prime number?
False
Is 72139 a prime number?
True
Is 20807 a composite number?
False
Is 33997 a composite number?
False
Is 279637 prime?
True
Is 1441 composite?
True
Is 24557 a composite number?
True
Is 37733 composite?
True
Is 35729 prime?
True
Is 1975591 a prime number?
False
Is 160217 prime?
True
Is 2394257 a prime number?
True
Is 44351 prime?
True
Is 3420187 composite?
False
Is 2492723 a prime number?
False
Is 749 a composite number?
True
Is 60677 composite?
True
Is 76339 prime?
False
Is 65 composite?
True
Is 1099 prime?
False
Is 10649 a prime number?
False
Is 37799 prime?
True
Is 68827 composite?
True
Is 144203 prime?
True
Is 101305 a composite number?
True
Is 48157 prime?
True
Is 256799 a prime number?
True
Is 6159 a composite number?
True
Is 340211 prime?
True
Is 545771 prime?
False
Is 103657 a composite number?
False
Is 13561 a composite number?
True
Is 463769 a composite